{"id":3,"date":"2024-07-11T18:09:10","date_gmt":"2024-07-11T18:09:10","guid":{"rendered":"https:\/\/zavtor.com\/?page_id=3"},"modified":"2024-12-11T11:45:24","modified_gmt":"2024-12-11T17:45:24","slug":"privacy-policy","status":"publish","type":"page","link":"https:\/\/zavtor.com\/?page_id=3","title":{"rendered":"Privacy Policy"},"content":{"rendered":"\n<h2 class=\"wp-block-heading\">Pol\u00edtica de protecci\u00f3n de datos<\/h2>\n\n\n\n<p>La presente pol\u00edtica de protecci\u00f3n de datos de car\u00e1cter personal regula el acceso y el uso de los servicios contenidos en el Sitio Web por parte de los Usuarios como titulares de datos susceptibles de protecci\u00f3n, de conformidad con la normativa vigente de protecci\u00f3n de datos de car\u00e1cter personal.<\/p>\n\n\n\n<p>ZAVTOR cumple \u00edntegramente con la legislaci\u00f3n vigente en materia de protecci\u00f3n de datos de car\u00e1cter personal, y con los compromisos de confidencialidad propios de su actividad.<\/p>\n\n\n\n<p><strong>1.\u00a0Responsable del Tratamiento<\/strong><br><br>Le informamos de que ZAVTOR ZONE EVOLUTION S.A.S DE C.V. (en adelante \u201cZAVTOR\u201d), con domicilio en Molino del Rey #24. Suite 300 Piso 3. Col. Pedregal. Miguel Hidalgo. CDMX. (M\u00e9xico), es el responsable del tratamiento de sus datos personales.<\/p>\n\n\n\n<p><strong>2.- ZAVTOR como encargado del tratamiento<\/strong><br><br>En relaci\u00f3n con los siguientes servicios y otros que pudieran surgir en un futuro, ZAVTOR actuar\u00e1 en calidad de Encargado del Tratamiento:<\/p>\n\n\n\n<ul class=\"wp-block-list\">\n<li>Datos de usuarios utilizados por los profesionales en el marco del uso por su parte de las herramientas proporcionadas por ZAVTOR<\/li>\n\n\n\n<li>Datos de invitados usuarios suscritos<\/li>\n\n\n\n<li>Contenido aportado en la Comunidad<\/li>\n<\/ul>\n\n\n\n<p><br>El responsable del tratamiento de los datos facilitados en relaci\u00f3n con dichos servicios prestados por ZAVTOR ser\u00e1 el propio Usuario consumidor, quien deber\u00e1 cumplir con la normativa de Protecci\u00f3n de Datos y haber obtenido el consentimiento de los interesados para el tratamiento de sus datos personales, as\u00ed como haber aplicado todas las garant\u00edas necesarias para el tratamiento de datos de car\u00e1cter personal.<br><br>El Usuario ser\u00e1 responsable en todo momento de las im\u00e1genes publicadas y los nombres incluidos. Sin perjuicio de ello, ZAVTOR se encuentra capacitado para retirar contenido en caso de que \u00e9ste fuera ilegal.<\/p>\n\n\n\n<p>ZAVTOR tratar\u00e1 los datos de acuerdo con acuerdos de encargado de tratamiento que contienen las cl\u00e1usulas tipo establecidas por las leyes mexicanas.<\/p>\n\n\n\n<p><strong>3.- Categor\u00edas de datos de car\u00e1cter personal tratados<\/strong><br><br>Los datos de car\u00e1cter personal que ser\u00e1n objeto de tratamiento ser\u00e1n los datos de car\u00e1cter personal que el Usuario haya facilitado a ZAVTOR al completar el formulario de registro en l\u00ednea, a trav\u00e9s de Redes Sociales, a trav\u00e9s del Servicio de Atenci\u00f3n al Cliente o a trav\u00e9s de cualquier otro medio (Chat, tel\u00e9fono, correo electr\u00f3nico).<\/p>\n\n\n\n<p>En el caso de uso de Redes sociales ser\u00e1 de aplicaci\u00f3n la pol\u00edtica de aplicaci\u00f3n prevista en la misma. Las categor\u00edas de datos de las que ZAVTOR podr\u00e1 disponer de datos son:<br><br><strong>Usuarios Consumidores:<\/strong><br>Datos identificativos: Nombre, Apellido, Imagen<br>Datos de contacto: e-mail<br>Datos personales: Idioma<br><br><strong>Usuarios Miembros:<\/strong><br>Datos identificativos: Nombre, Apellido, Imagen.<br>Datos de contacto corporativos: Tel\u00e9fono, e-mail, domicilio<br>Datos comerciales: Actividad y negocio. Datos incluidos en la ficha\/perfil del miembro.<br><br>El Usuario consiente que, en el momento de registrarse, sus fotograf\u00edas y su perfil de usuario ser\u00e1n visibles p\u00fablicamente para el resto de los usuarios en ZAVTOR, as\u00ed como en los diversos buscadores de Internet.<br><br>En caso de que se recaben datos del Usuario a trav\u00e9s de una Red Social, la Pol\u00edtica de Privacidad aplicable ser\u00e1 la correspondiente a la Red Social concreta.<br><br><strong>4.- Car\u00e1cter obligatorio o facultativo de la informaci\u00f3n facilitada por el usuario y veracidad de los datos<\/strong><\/p>\n\n\n\n<p>Los campos marcados como (opcional) en el formulado de registro a cumplimentar por el Usuario son de forma voluntaria la inclusi\u00f3n de datos, para los campos restantes la inclusi\u00f3n de los datos es estrictamente necesarios para atender a su petici\u00f3n.<\/p>\n\n\n\n<p>Asimismo, respecto de los datos facilitados por cualquier otro medio, en el momento de su tratamiento se indicar\u00e1 a los Usuarios la obligatoriedad o no de la aportaci\u00f3n de los mismos. El Usuario garantiza que los datos personales facilitados a ZAVTOR son veraces y est\u00e1n actualizados, y se hace responsable de comunicar cualquier modificaci\u00f3n de los mismos siendo el Usuario el \u00fanico responsable de la inexactitud o falsedad de los datos facilitados y de los perjuicios que pueda causar por ello a ZAVTOR o a terceros con motivo de la utilizaci\u00f3n de los servicios ofrecidos por ZAVTOR. Asimismo, ZAVTOR manifiesta que los datos recabados son los adecuados, pertinentes y no excesivos en relaci\u00f3n con el \u00e1mbito, las finalidades y servicios determinados.<br><br><strong>5.- Finalidad y legitimaci\u00f3n del tratamiento<\/strong><\/p>\n\n\n\n<p>Los datos de los Usuarios facilitados a ZAVTOR a trav\u00e9s de cualquier medio, con el fin de que \u00e9sta pueda prestar los servicios demandados por \u00e9stos, son recabados con las siguientes finalidades:<\/p>\n\n\n\n<ul class=\"wp-block-list\">\n<li>Facilitar a los Usuarios la b\u00fasqueda r\u00e1pida y f\u00e1cil de empresas que ofrecen servicios y productos relacionados con el evento social seg\u00fan la provincia, sector de actividad, tipo de servicio y poblaci\u00f3n.<\/li>\n\n\n\n<li>Publicitar los servicios y productos de empresas relacionados con la celebraci\u00f3n de eventos sociales mediante la creaci\u00f3n de una ficha con sus datos de contacto, localizaci\u00f3n, descripci\u00f3n de sus servicios y\/o productos y fotograf\u00edas, en su caso.<\/li>\n\n\n\n<li>Facilitar el contacto, a trav\u00e9s de las solicitudes de informaci\u00f3n v\u00eda email y tel\u00e9fono, entre las empresas que anuncian sus productos o servicios en el Sitio Web y los usuarios interesados en \u00e9stos.<\/li>\n\n\n\n<li>Facilitar a los Usuarios la creaci\u00f3n de una ficha personal que ser\u00e1 accesible al resto de usuarios del Sitio Web.<\/li>\n\n\n\n<li>Facilitar a los usuarios toda la informaci\u00f3n necesaria para la celebraci\u00f3n de su evento social mediante art\u00edculos y consejos publicados en el Sitio Web.<\/li>\n\n\n\n<li>Creaci\u00f3n y participaci\u00f3n en la Comunidad del Sitio Web, a la que todos los Usuarios, registrados o no, tendr\u00e1n acceso.<\/li>\n\n\n\n<li>Prestaci\u00f3n a los Usuarios del servicio de ayuda en la planificaci\u00f3n de eventos sociales, consistente en la prestaci\u00f3n de asesoramiento y ayuda en la localizaci\u00f3n y selecci\u00f3n de proveedores para la organizaci\u00f3n del evento; dicho servicio se presta mediante el contacto telef\u00f3nico de ZAVTOR con los Usuarios y la remisi\u00f3n de solicitudes de informaci\u00f3n, en nombre de los Usuarios y con su consentimiento expreso, a los proveedores de servicios sugeridos al Usuario.<\/li>\n\n\n\n<li>Mantener una comunicaci\u00f3n fluida y din\u00e1mica con los Usuarios a trav\u00e9s de cualquier medio, incluido a trav\u00e9s de Redes Sociales y medios de mensajer\u00eda instant\u00e1nea. En estos casos, sin perjuicio de la aplicaci\u00f3n de la Pol\u00edtica de Privacidad de ZAVTOR, tambi\u00e9n ser\u00e1 de aplicaci\u00f3n la Pol\u00edtica de Privacidad de la Red Social o medio de mensajer\u00eda instant\u00e1nea correspondientes. Recomendamos analice dichas Pol\u00edticas de Privacidad en detalle.<\/li>\n<\/ul>\n\n\n\n<p>ZAVTOR est\u00e1 legitimada a tratar los datos de los Usuarios con las finalidades anteriormente mencionadas a fin de poder cumplir con sus obligaciones contractuales como resultado de la solicitud realizada por los Usuarios.<br><br>Los datos de los Usuarios facilitados a ZAVTOR a trav\u00e9s de cualquier medio tambi\u00e9n ser\u00e1n recabados con las siguientes finalidades:<\/p>\n\n\n\n<ul class=\"wp-block-list\">\n<li>An\u00e1lisis de datos con finalidad formativa y\/o estad\u00edstica. Actividades b\u00e1sicas de an\u00e1lisis de contenido de la informaci\u00f3n facilitada y de elaboraci\u00f3n de perfiles destinada a la adecuada gesti\u00f3n de las actividades y servicios prestados por ZAVTOR.<\/li>\n<\/ul>\n\n\n\n<p>ZAVTOR est\u00e1 legitimada a tratar los datos de los Usuarios con la finalidad anteriormente mencionada por concurrir un inter\u00e9s leg\u00edtimo de la entidad, expresamente reconocido por la normativa sobre privacidad, para poder prestar correctamente el servicio. <br><br>Asimismo, los datos de los Usuarios facilitados a ZAVTOR a trav\u00e9s de cualquier medio tambi\u00e9n ser\u00e1n recabados con la siguiente finalidad:<\/p>\n\n\n\n<ul class=\"wp-block-list\">\n<li>Remisi\u00f3n de comunicaciones electr\u00f3nicas promocionales e informativas sobre servicios prestados por compa\u00f1\u00edas con las que ZAVTOR tenga acuerdos comerciales (ello incluye comunicaciones comerciales propias, de Usuarios profesionales y de terceros), asociados con el sector de eventos sociales y con las necesidades o intereses que los Usuarios pudieran tener durante el proceso de organizaci\u00f3n de dicho evento, dada la naturaleza y objeto de los servicios prestados por ZAVTOR. A estos efectos se entiende por productos o servicios del sector de eventos sociales todos los productos y servicios incluidos en el Sitio Web en el presente y en el futuro, as\u00ed como cualquier producto, servicio o campa\u00f1a espec\u00edficamente destinados a los eventos sociales.<\/li>\n\n\n\n<li>Estas comunicaciones electr\u00f3nicas promocionales se remitir\u00e1n durante todo el periodo que dure nuestra relaci\u00f3n e incluso una vez haya terminado siempre y cuando el Usuario no manifieste lo contrario.<\/li>\n\n\n\n<li>ZAVTOR establece dos mecanismos mediante los cuales los Usuarios que lo soliciten puedan modificar o eliminar estos servicios de forma sencilla, r\u00e1pida y gratuita: siguiendo las instrucciones que se indican en el pie del cuerpo de las comunicaciones electr\u00f3nicas.<\/li>\n<\/ul>\n\n\n\n<p>ZAVTOR est\u00e1 legitimada a tratar los datos de los Usuarios con la finalidad anteriormente mencionada, tal y como est\u00e1 expresamente reconocido por la legislaci\u00f3n vigente, (i) en caso de que el Usuario haya prestado su consentimiento y\/o (ii) en caso de que la informaci\u00f3n enviada sea relativa a productos y servicios similares a los que fueron objeto de una venta previa o negociaci\u00f3n, siempre que el Usuario no hubiera optado por dejar de recibir dichas comunicaciones.<br><br><strong>6.- Decisiones automatizadas<\/strong><br><br>ZAVTOR no adopta decisiones que puedan producir efectos legales o similares para el Usuario basadas \u00fanicamente en el tratamiento automatizado de sus datos personales. Todos los procesos de toma de decisiones relacionadas con las finalidades de tratamiento antes descritas se realizan con intervenci\u00f3n humana. La publicidad personalizada que se lleva a cabo en el Sitio Web no produce efectos significativos en el Usuario.<br><br><strong>7.- Cesiones a terceros de datos de car\u00e1cter personal<\/strong><br><br>El Usuario consiente expresamente la cesi\u00f3n de sus datos a otros Usuarios de ZAVTOR (miembros) a quienes se solicita informaci\u00f3n a trav\u00e9s del formulario alojado en el Sitio Web, as\u00ed como a entidades que utilizan los servicios de ZAVTOR para encontrar usuarios interesados en \u00e9stos. Asimismo, sus datos podr\u00e1n ser cedidos a los destinatarios que se indican a continuaci\u00f3n, por los motivos que a continuaci\u00f3n se explican:<\/p>\n\n\n\n<ul class=\"wp-block-list\">\n<li>Administraciones P\u00fablicas: para el cumplimiento de las obligaciones legales a las que ZAVTOR est\u00e1 sujeta por su actividad<\/li>\n\n\n\n<li>Proveedores que precisen acceder a sus datos para la prestaci\u00f3n de servicios que ZAVTOR haya contratado a dichos proveedores, y con los cuales ZAVTOR tiene suscritos los contratos de confidencialidad y de tratamiento de datos personales necesarios y exigidos por la normativa para proteger su privacidad.<\/li>\n<\/ul>\n\n\n\n<p>Si en el futuro ZAVTOR realizara otras cesiones de datos personales, le informar\u00e1 oportunamente.<br><br><strong>8.- Periodo de conservaci\u00f3n<\/strong><br><br>Los datos del Usuario se conservar\u00e1n mientras se mantenga su relaci\u00f3n con ZAVTOR y, tras la finalizaci\u00f3n de dicha relaci\u00f3n por cualquier causa, durante los plazos de prescripci\u00f3n legales que sean de aplicaci\u00f3n con relaci\u00f3n a las finalidades leg\u00edtimas de tratamiento de sus datos personales.<br><br>Tras la finalizaci\u00f3n de la relaci\u00f3n los datos personales ser\u00e1n tratados a los solos efectos de acreditar el cumplimiento de nuestras obligaciones legales o contractuales. Finalizados dichos plazos de prescripci\u00f3n, sus datos ser\u00e1n eliminados o, alternativamente, anonimizados. Cuando el Usuario solicite la baja del servicio, ZAVTOR cursar\u00e1 la misma eliminando la foto del perfil y los datos identificativos del usuario del Sitio Web (nombre, apellidos y direcci\u00f3n de email) manteni\u00e9ndose el resto de los contenidos que el Usuario haya publicado en el Sitio Web.<br><br><strong>9.- Derechos del interesado y reclamaciones<\/strong><br><br>El Usuario puede ejercitar sus derechos de acceso, rectificaci\u00f3n, supresi\u00f3n, portabilidad, limitaci\u00f3n y\/u oposici\u00f3n al tratamiento.<br><br>Estos derechos pueden hacerse efectivos mediante la propia configuraci\u00f3n del Sitio Web. En caso de problemas para la realizaci\u00f3n efectiva en l\u00ednea, as\u00ed como para cualquier tipo de duda o controversia respecto a nuestra pol\u00edtica de protecci\u00f3n de datos se podr\u00e1n dirigir directamente a ZAVTOR ZONE EVOLUTION SAS DE CV (ZAVTOR) &#8211; Molino del Rey #24. Suite 300 Piso 3. Col. Pedregal. Miguel Hidalgo. CDMX.(M\u00e9xico), o bien a trav\u00e9s de nuestro correo electr\u00f3nico: info@zavtor.com indicando el asunto de referencia. <br><br>Si considera que el tratamiento de sus datos personales vulnera la normativa o sus derechos, puede presentar una reclamaci\u00f3n ante ZAVTOR, o ante el Instituto Nacional de Transparencia, Acceso a la Informaci\u00f3n y Protecci\u00f3n de datos Personales (IANI).<br><br><strong>10.- Datos de menores<\/strong><br><br>La inserci\u00f3n en el Sitio Web de datos personales de menores de edad y, en particular, de su imagen, implica la manifestaci\u00f3n expresa y sin reservas del Usuario que los inserta de:<\/p>\n\n\n\n<ul class=\"wp-block-list\">\n<li>Que es titular de los derechos necesarios para utilizar los datos o la imagen del menor de edad.<\/li>\n\n\n\n<li>Que la inserci\u00f3n de los indicados datos no perjudica en modo alguno al menor ni vulnera ninguno de sus derechos.<\/li>\n\n\n\n<li>Que exonera expresamente a ZAVTOR de cualquier posible reclamaci\u00f3n derivada de este hecho, asumiendo el Usuario que insert\u00f3 la informaci\u00f3n la responsabilidad \u00edntegra que resulte de dicha reclamaci\u00f3n.<\/li>\n<\/ul>\n\n\n\n<p><strong>11.- Seguridad<\/strong><br><br>ZAVTOR pone en conocimiento de los Usuarios que ha adoptado las medidas de \u00edndole t\u00e9cnica y organizativas reglamentariamente establecidas, que garantizan la seguridad de los datos de car\u00e1cter personal y evitan su alteraci\u00f3n, p\u00e9rdida, tratamiento o acceso no autorizado, habida cuenta del estado de la tecnolog\u00eda, la naturaleza de los datos almacenados y los riesgos a que est\u00e9n expuestos.<br><br><strong>12.- Contacto<\/strong><br><br>Se podr\u00e1 contactar con ZAV TOR a trav\u00e9s de la direcci\u00f3n electr\u00f3nica y postal indicadas anteriormente, as\u00ed como a trav\u00e9s de llamada telef\u00f3nica al n\u00famero de tel\u00e9fono indicado en las Condiciones Generales de Uso.<\/p>\n\n\n\n<ol class=\"wp-block-list\">\n<li><\/li>\n<\/ol>\n","protected":false},"excerpt":{"rendered":"<p>Pol\u00edtica de protecci\u00f3n de datos La presente pol\u00edtica de protecci\u00f3n de datos de car\u00e1cter personal regula el acceso y el uso de los servicios contenidos en el Sitio Web por parte de los Usuarios como titulares de datos susceptibles de protecci\u00f3n, de conformidad con la normativa vigente de protecci\u00f3n de datos de car\u00e1cter personal. ZAVTOR [&hellip;]<\/p>\n","protected":false},"author":1,"featured_media":0,"parent":0,"menu_order":0,"comment_status":"closed","ping_status":"open","template":"","meta":{"_joinchat":[],"footnotes":""},"class_list":["post-3","page","type-page","status-publish","hentry"],"_links":{"self":[{"href":"https:\/\/zavtor.com\/index.php?rest_route=\/wp\/v2\/pages\/3","targetHints":{"allow":["GET"]}}],"collection":[{"href":"https:\/\/zavtor.com\/index.php?rest_route=\/wp\/v2\/pages"}],"about":[{"href":"https:\/\/zavtor.com\/index.php?rest_route=\/wp\/v2\/types\/page"}],"author":[{"embeddable":true,"href":"https:\/\/zavtor.com\/index.php?rest_route=\/wp\/v2\/users\/1"}],"replies":[{"embeddable":true,"href":"https:\/\/zavtor.com\/index.php?rest_route=%2Fwp%2Fv2%2Fcomments&post=3"}],"version-history":[{"count":4,"href":"https:\/\/zavtor.com\/index.php?rest_route=\/wp\/v2\/pages\/3\/revisions"}],"predecessor-version":[{"id":1590,"href":"https:\/\/zavtor.com\/index.php?rest_route=\/wp\/v2\/pages\/3\/revisions\/1590"}],"wp:attachment":[{"href":"https:\/\/zavtor.com\/index.php?rest_route=%2Fwp%2Fv2%2Fmedia&parent=3"}],"curies":[{"name":"wp","href":"https:\/\/api.w.org\/{rel}","templated":true}]}}